hen 175225 is divided by 2?
1
Calculate the remainder when 189950 is divided by 3.
2
Calculate the remainder when 6773 is divided by 23.
11
What is the remainder when 10233 is divided by 99?
36
What is the remainder when 21773 is divided by 675?
173
Calculate the remainder when 63835 is divided by 1204.
23
What is the remainder when 1555121 is divided by 20?
1
Calculate the remainder when 408169 is divided by 1204.
13
Calculate the remainder when 869 is divided by 214.
13
Calculate the remainder when 68315 is divided by 697.
9
Calculate the remainder when 10708 is divided by 119.
117
Calculate the remainder when 4789 is divided by 34.
29
What is the remainder when 8287 is divided by 15?
7
Calculate the remainder when 17971 is divided by 567.
394
Calculate the remainder when 1143 is divided by 514.
115
Calculate the remainder when 3597 is divided by 44.
33
What is the remainder when 23009 is divided by 77?
63
Calculate the remainder when 31980 is divided by 6287.
545
What is the remainder when 4694 is divided by 4624?
70
What is the remainder when 3280 is divided by 217?
25
What is the remainder when 7312 is divided by 82?
14
Calculate the remainder when 1077468 is divided by 39.
15
What is the remainder when 21296 is divided by 5?
1
Calculate the remainder when 5720 is divided by 1636.
812
Calculate the remainder when 31591 is divided by 2628.
55
Calculate the remainder when 135024 is divided by 844.
828
What is the remainder when 1953 is divided by 1858?
95
What is the remainder when 4702 is divided by 1839?
1024
What is the remainder when 78433 is divided by 15?
13
What is the remainder when 67107 is divided by 19?
18
What is the remainder when 1822 is divided by 566?
124
Calculate the remainder when 76203 is divided by 176.
171
Calculate the remainder when 7436 is divided by 25.
11
What is the remainder when 948 is divided by 216?
84
What is the remainder when 27467 is divided by 528?
11
Calculate the remainder when 6265174 is divided by 281.
279
Calculate the remainder when 1045 is divided by 88.
77
What is the remainder when 10697 is divided by 990?
797
What is the remainder when 2906 is divided by 49?
15
Calculate the remainder when 3343 is divided by 193.
62
What is the remainder when 3371 is divided by 281?
280
Calculate the remainder when 650 is divided by 141.
86
Calculate the remainder when 93870 is divided by 25.
20
What is the remainder when 80115 is divided by 40049?
17
What is the remainder when 6229224 is divided by 425?
424
What is the remainder when 45132 is divided by 376?
12
Calculate the remainder when 200558 is divided by 50128.
46
Calculate the remainder when 90914 is divided by 30297.
23
Calculate the remainder when 2057 is divided by 819.
419
Calculate the remainder when 1364 is divided by 610.
144
Calculate the remainder when 562387 is divided by 562356.
31
What is the remainder when 9716 is divided by 449?
287
Calculate the remainder when 7460 is divided by 19.
12
Calculate the remainder when 23832 is divided by 374.
270
Calculate the remainder when 261 is divided by 261.
0
Calculate the remainder when 13044 is divided by 36.
12
What is the remainder when 3027 is divided by 930?
237
Calculate the remainder when 710486 is divided by 535.
6
Calculate the remainder when 4023 is divided by 264.
63
Calculate the remainder when 4702 is divided by 293.
14
Calculate the remainder when 17775 is divided by 102.
27
Calculate the remainder when 2282 is divided by 2276.
6
Calculate the remainder when 9089 is divided by 89.
11
What is the remainder when 159 is divided by 40?
39
Calculate the remainder when 5533 is divided by 1523.
964
Calculate the remainder when 11059 is divided by 98.
83
What is the remainder when 579 is divided by 212?
155
Calculate the remainder when 87555 is divided by 57.
3
Calculate the remainder when 3767 is divided by 1202.
161
What is the remainder when 29578 is divided by 1480?
1458
Calculate the remainder when 6402 is divided by 194.
0
What is the remainder when 138860 is divided by 267?
20
Calculate the remainder when 56699 is divided by 45.
44
Calculate the remainder when 93308 is divided by 166.
16
What is the remainder when 7138 is divided by 2371?
25
What is the remainder when 55024 is divided by 4?
0
What is the remainder when 7530 is divided by 3357?
816
What is the remainder when 66385 is divided by 228?
37
What is the remainder when 55161 is divided by 331?
215
Calculate the remainder when 6251 is divided by 47.
0
Calculate the remainder when 18000 is divided by 461.
21
Calculate the remainder when 31637 is divided by 23.
12
What is the remainder when 3878 is divided by 868?
406
Calculate the remainder when 277339 is divided by 92446.
1
What is the remainder when 20849 is divided by 5209?
13
What is the remainder when 27716 is divided by 217?
157
Calculate the remainder when 34805 is divided by 13.
4
What is the remainder when 530 is divided by 113?
78
Calculate the remainder when 11543 is divided by 1281.
14
What is the remainder when 111631 is divided by 1329?
1324
What is the remainder when 16841 is divided by 14?
13
What is the remainder when 1630807 is divided by 32?
23
What is the remainder when 227383 is divided by 4?
3
Calculate the remainder when 97351 is divided by 48675.
1
What is the remainder when 31141 is divided by 34?
31
What is the remainder when 92245 is divided by 4852?
57
What is the remainder when 3783 is divided by 53?
20
What is the remainder when 156888 is divided by 151?
150
What is the remainder when 9464 is divided by 9341?
123
Calculate the remainder when 5077167 is divided by 2957.
2955
Calculate the remainder when 47332 is divided by 751.
19
Calculate the remainder when 1749151 is divided by 8.
7
Calculate the remainder when 1310 is divided by 185.
15
Calculate the remainder when 1982 is divided by 91.
71
What is the remainder when 43968 is divided by 21978?
12
Calculate the remainder when 8463 is divided by 17.
14
What is the remainder when 1016 is divided by 217?
148
Calculate the remainder when 1898 is divided by 116.
42
Calculate the remainder when 748 is divided by 42.
34
Calculate the remainder when 492131 is divided by 224.
3
Calculate the remainder when 4735 is divided by 8.
7
Calculate the remainder when 12460 is divided by 12460.
0
Calculate the remainder when 21164 is divided by 10.
4
What is the remainder when 8061 is divided by 2765?
2531
Calculate the remainder when 16027 is divided by 596.
531
Calculate the remainder when 1285161 is divided by 1709.
1702
What is the remainder when 175133 is divided by 1968?
1949
Calculate the remainder when 31800 is divided by 599.
53
What is the remainder when 2667 is divided by 563?
415
What is the remainder when 160428 is divided by 1114?
12
Calculate the remainder when 3721247 is divided by 6.
5
What is the remainder when 117791 is divided by 48?
47
Calculate the remainder when 6087 is divided by 3027.
33
Calculate the remainder when 537875 is divided by 70.
65
What is the remainder when 150247 is divided by 27?
19
What is the remainder when 29267 is divided by 51?
44
Calculate the remainder when 1567401 is divided by 340.
1
Calculate the remainder when 1256112 is divided by 104676.
0
Calculate the remainder when 41740 is divided by 121.
116
What is the remainder when 8585 is divided by 2855?
20
What is the remainder when 26452 is divided by 660?
52
Calculate the remainder when 2159 is divided by 1063.
33
What is the remainder when 9392 is divided by 108?
104
What is the remainder when 1516553 is divided by 18?
17
Calculate the remainder when 171 is divided by 165.
6
Calculate the remainder when 8021 is divided by 218.
173
What is the remainder when 3249 is divided by 466?
453
What is the remainder when 55211 is divided by 9198?
23
Calculate the remainder when 480914 is divided by 247.
5
What is the remainder when 7178 is divided by 99?
50
Calculate the remainder when 372 is divided by 330.
42
What is the remainder when 6545 is divided by 21?
14
Calculate the remainder when 142629 is divided by 713.
29
Calculate the remainder when 272067 is divided by 1148.
1139
Calculate the remainder when 13544 is divided by 452.
436
Calculate the remainder when 5134815 is divided by 272.
271
What is the remainder when 13